 Is -1 + 3 + v + -6 prime?
True
Let z = 186036 + -114559. Is z a composite number?
True
Let r(i) = 8*i**2 - 3*i + 3. Let k be ((-1)/3)/((-2)/(-30)). Let t be r(k). Suppose m - 4*b - t = b, 5*m - 5*b - 1150 = 0. Is m a composite number?
False
Let j = -19 + 15. Let q be (-2 - (-11306)/j)*-2. Suppose 1 = 4*y - 7, 5*n - 4*y = q. Is n a prime number?
False
Let c = 53 - 50. Is 94 + 3 - (-1 - (-9)/c) a prime number?
False
Let i = -7 - -11. Suppose -2*o - o - i*z + 189 = 0, 2*o = -4*z + 130. Is o a composite number?
False
Let n = -109 - -103. Is 1819 - (n/(-9) + 24/18) a composite number?
True
Suppose 4 - 10 = -3*i. Suppose 0 = -4*r + 8, q - 398 = -q + i*r. Is q composite?
True
Suppose -6*c + 3742 = -1022. Let p = -457 + c. Is p composite?
False
Suppose f = -3*y + 26, 1 = 2*f - 3. Let h be (-632)/(3*y/(-12)). Is h/(16/4)*7 prime?
False
Let j(g) = g - 10. Let o = 34 + -27. Let n be j(o). Is -1*80/(-1) + n a composite number?
True
Let a(n) = 54*n - 5. Let c be ((-6)/4)/(3/(-32)). Let d = c - 12. Is a(d) composite?
False
Suppose 3*a - 119 = 34. Suppose -6*m = -0*m + 96. Let j = a - m. Is j prime?
True
Suppose -2*x - 4*j + 170 = 0, 2*x + 0*j = 3*j + 191. Suppose -3*a - 1211 - x = -3*m, 0 = -5*a - 2*m - 2205. Let y = a - -774. Is y a prime number?
False
Suppose 75357 = 4*y + 5*w - 66507, 3*y - 106375 = 2*w. Is y composite?
False
Let v = -273 - -271. Suppose 4*f = 5*f - 2. Is (v + f - 1) + 224 a prime number?
True
Suppose -3*d = -12*o + 8*o + 18371, 3*d = -4*o + 18389. Is o a composite number?
True
Let c be (-1)/(3/(-4572)*-4). Suppose 0 = 5*z - 2*z, 0 = -4*l + 3*z + 2816. Let s = c + l. Is s a composite number?
True
Suppose -a = -4*j + 51841, 0 = -j + 3*a + 17365 - 4413. Is j composite?
True
Let n(o) = -o**3 - 27*o**2 - 19*o + 27. Let a(t) = -5*t**3 - 135*t**2 - 94*t + 135. Let c(v) = -2*a(v) + 11*n(v). Is c(-28) a prime number?
True
Suppose 2*v - 4914 - 3860 = 0. Is v a prime number?
False
Let s(i) = i + 13. Let o be s(-5). Let p be -754*(-2 - (-12)/o). Let u = p + -84. Is u composite?
False
Let n = 8 - 4. Let x = 947 + -445. Suppose n*g - x = 766. Is g a prime number?
True
Is (-327500)/(-75) - (2/(-6) + 0) a composite number?
True
Suppose 0*z - 8 = -i - z, 0 = -2*i - 3*z + 14. Let k = 12 - i. Suppose -3*w - 3*b = -0*b - 561, -k*b + 183 = w. Is w prime?
True
Is 2 + 0 + (-71235)/(-15) a composite number?
False
Suppose -1066*f = -1084*f + 1299798. Is f prime?
True
Suppose -2282 = -4*c + 3*p, 0*p + 3*p = -c + 563. Suppose 3*s + 298 = -x, 0 = -x - x + 3*s - c. Is (-2 + 6)/1 - x composite?
False
Let i = 56003 - 30784. Is i a composite number?
False
Let q(i) be the second derivative of 25*i**4/6 - i**3/3 + i**2/2 - 26*i. Is q(4) prime?
False
Suppose 0 = -q - 0*q. Let b(k) = -k**2 - k + 1565. Is b(q) composite?
True
Suppose 4*c = 4*s + 24, -6*c - s = -5*c + 2. Suppose -4*w + 1979 = w - 4*p, 0 = -w - c*p + 393. Is w composite?
True
Suppose 0*l = 5*l - 725. Let x = 63 - l. Let t = -45 - x. Is t a prime number?
True
Let c(g) = -g**3 + 11*g**2 + g + 4. Let f be c(11). Let t be 0/1*(-4)/8. Let a = t + f. Is a a prime number?
False
Let f(b) be the second derivative of 23*b**4/12 + b**3/3 + b**2/2 + 17*b. Is f(2) a prime number?
True
Let i(u) = 2*u - 10. Let a be i(-7). Let q be (6/(-7))/(a/(-168)). Is -2 - -346*(-9)/q a composite number?
True
Let l(g) = 26*g - 9. Let x be l(7). Let b = x - -438. Let h = -426 + b. Is h prime?
False
Let s(r) = -3 - 51*r + 143*r - 2. Is s(2) prime?
True
Let r = 11871 - 8277. Suppose -3*j - r = -3*m - 8*j, -2*m + 2*j = -2380. Is m a prime number?
True
Suppose 2*u + 0 - 4 = 0. Suppose -5*d = 4*v - 21, 2*v = u*d + v - 11. Suppose d*t = -25, -p + 154 = 4*t - 617. Is p prime?
False
Suppose 58196 = 2*n - 186614. Is n prime?
False
Let x(n) = -2*n - 18. Let h be x(-10). Suppose -2 + 0 = -3*l + 4*y, -2*l + h = -2*y. Suppose l*a + b = 2800, 3*a - 8 = 5*b + 4179. Is a a prime number?
True
Suppose 4*b = b, 0 = l + 4*b - 12353. Is l a prime number?
False
Let l(z) = 2*z + 13 + 4*z + 0*z. Suppose -3 = -3*r + 18. Is l(r) a prime number?
False
Suppose h - 5 = -0. Suppose 7652 = 2*k - h*x, -k + x = -3*x - 3823. Is k prime?
False
Let o = 2185 - 1536. Is o a composite number?
True
Suppose 3*p = -2*m + 252, -m = 5*p + 8 - 141. Suppose 321 = 2*o - 3*l, -m = -o + 5*l + 55. Suppose 0 = 4*a - o - 355. Is a a composite number?
False
Let h = -219 - 539. Is 78/(-52)*h/3 a composite number?
False
Suppose -389 + 1027 = 2*t. Is t a composite number?
True
Let r(m) = 6*m**3 - 20*m**2 - 6*m - 75. Is r(26) prime?
False
Let r(g) = 1593*g**2 + 50*g - 11. Is r(-6) composite?
False
Let h = 862 + 20847. Is h prime?
False
Let k = 939 - 886. Is k a composite number?
False
Let f(o) = -42*o - 1. Suppose -11*g - 48 = 7. Is f(g) composite?
True
Suppose -4*l = 222 + 842. Let b(p) = -56*p - 5. Let q be b(-4). Let x = q - l. Is x a composite number?
True
Let l be 358/(-4) - (-2)/(-4). Let c be (l/105)/(1/7). Is (-1)/((3 + c)/1347) a prime number?
True
Suppose 0 = -z + 4*z - 2661. Is z a composite number?
False
Suppose -14*i + 73892 + 39522 = 0. Is i composite?
False
Let l be (-4)/(-14) + 141/21. Let t be 0/(2/(3 + -5) - 3). Let y = l + t. Is y composite?
False
Let w = -3474 + 6107. Is w a composite number?
False
Let z(l) = 16*l**3 + 13*l**2 + 16*l - 5. Is z(10) a prime number?
False
Let p(b) = 5 + 5 + b**3 + 3*b**2 + 9 + 5*b**3 + 3*b. Is p(10) composite?
True
Let j = -131 + 98. Let x = 64 + j. Is x a prime number?
True
Let v(y) = 10*y**2 - 2*y - 3. Let x(p) = p**3 + 4*p**2 + 6*p + 2. Let b be x(-2). Let a be v(b). Let t = 65 + a. Is t composite?
True
Let r = 10083 - 6946. Is r prime?
True
Suppose 0 = -2*u - 2*f + 6452, 4*f = 7*f - 9. Is u prime?
False
Let v = 97961 - 28590. Is v prime?
True
Let s(z) = 2*z + 47. Let a be s(-18). Suppose -25692 = -a*r + 19221. Is r a prime number?
False
Let s = 838 + 519. Let x(k) = 1244*k**2 - 2*k + 1. Let o be x(1). Suppose -558 = -4*p - 3*y + o, s = 3*p - 4*y. Is p composite?
True
Is 869*(5 - (-16)/(6 + -10)) prime?
False
Let p = 104269 + -70162. Is p a prime number?
False
Let q = 7304 - 4285. Is q a composite number?
False
Let y(i) = 2546*i + 159. Is y(5) a prime number?
True
Let d be (-4)/22 - 26/(-143). Suppose d = b - 1 - 0. Is ((-104)/24)/(b/(-57)) composite?
True
Suppose 3*g - 11 = -5*l, l - 3*g = 2*l - 7. Let p = -2 - l. Let x(h) = -2*h**3 - 2*h**2 + 5*h + 2. Is x(p) a composite number?
False
Let d be (26/(-6))/((-8)/1392). Let w = d + 224. Suppose -4*m + w = -626. Is m composite?
False
Let q be 754455/78*(0 + 8/10). Is q/3 + (-1)/3 a composite number?
False
Suppose 11*l - 66974 = 53278. Suppose 18*b - l = 6*b. Is b composite?
False
Let f(k) = 2*k + 263. Suppose -4*s = s. Is f(s) a composite number?
False
Let u = 50385 - 24662. Is u a composite number?
True
Let j be -12 + 13 - 2/(-2). Suppose -j = 7*f - 16. Suppose -7*s + 1130 = -f*s. Is s composite?
True
Let m = -27 + 35. Suppose -m*l = -2*l - 6708. Suppose 2*s + 3*s - 2773 = 3*t, t - l = -2*s. Is s a composite number?
False
Let t(p) = -5*p + 16. Let n be t(18). Let b = 303 - 178. Let o = b + n. Is o composite?
True
Let i(a) = a**2 + 6*a. Let q be i(-7). Suppose -13 = -2*h - q. Suppose h*b = -5*j - 94 + 1995, -3*j - 4*b + 1134 = 0. Is j a prime number?
False
Let l(f) = f**2 + 4*f + 1. Let z be l(-6). Let s(j) = -15*j**2 + 3*j - z*j**2 + 30*j**2. Is s(-5) composite?
True
Let j(a) = -a**3 - 14*a**2 + 14*a - 17. Let z be j(-15). Let w = z - -6. Suppose 2*y = -y + 3*o + 1698, -2*o = -w*y + 2262. Is y composite?
True
Let s(q) = -15*q**3 - 9*q**2 - 9*q - 1. Is s(-4) a composite number?
True
Let q(y) = -609*y + 176. Is q(-13) a prime number?
True
Let i be 2/(-3)*(-18)/4. Suppose 1295 = 5*g + 2*k, 4*g - i*k + 2*k = 1036. Is (10/(-5))/((-2)/g) composite?
True
Let k(m) = -6*m - 2 + 0 - 7*m + 0. Is k(-11) prime?
False
Suppose 3*h = 5*i + 8416, 4*h = -3*i + 6550 + 4681. Is h a prime number?
False
Let w(f) = -24*f + 19. Let o be w(-3). Suppose 10*c = 3*c + o. Is c composite?
False
Suppose 2*j - 704 = 1750. Is j composite?
True
Suppose 0 = 3*m + 2*j - 733, 0 = m - 4*j - 298 + 35. Suppose 5*q - 796 = 2*o, -q - 3*q + 644 = -4*o. Let x = m - q. Is x composite?
False
Let w(u) be the first derivative of 10/3*u**3 - u - 3 + 0*u**2. Is w(-4) composite?
True
Let m(z) = 42*z**2 + 3*z + 3. Let p be m(-2). Suppos